{"id":9678,"date":"2026-03-17T03:39:04","date_gmt":"2026-03-17T00:39:04","guid":{"rendered":"https:\/\/emirkoleksiyon.com\/index.php\/urun\/yeni-new-2023-mazda-rx7-fc-pandem-ozel-seri-sifir-numara-164-olcek-hotwheels-premium-0-5\/"},"modified":"2026-03-22T01:45:47","modified_gmt":"2026-03-21T22:45:47","slug":"yeni-new-2023-mazda-rx7-fc-pandem-ozel-seri-sifir-numara-164-olcek-hotwheels-premium-0-5","status":"publish","type":"product","link":"https:\/\/emirkoleksiyon.com\/index.php\/urun\/yeni-new-2023-mazda-rx7-fc-pandem-ozel-seri-sifir-numara-164-olcek-hotwheels-premium-0-5\/","title":{"rendered":"))) Yeni &#8211; New 2023 ((( Mazda Rx7 Fc Pandem \u00d6zel Seri S\u0131f\u0131r Numara 1:64 \u00d6l\u00e7ek Hotwheels Premium 0\/5"},"content":{"rendered":"<p>3 ya\u015f ve \u00fczeri \u00e7ocuklar i\u00e7in ideal, e\u011flenceli ve g\u00fcvenli bir oyuncak araba deneyimi sunar; Yeni 2023 serisi, Mazda RX7 FC Pandem Special Edition ile \u00e7ocuklar\u0131n koleksiyonlar\u0131na \u015f\u0131k bir ekleme yapar; 1:64 \u00f6l\u00e7ek boyutuyla, ger\u00e7ek\u00e7i ve detayl\u0131 tasar\u0131m\u0131yla minyat\u00fcr ara\u00e7 tutkunlar\u0131n\u0131n be\u011fenisine sunulur; S\u0131f\u0131r numara 1 olarak belirtilmi\u015f olup, nadir ve \u00f6zel bir koleksiyon par\u00e7as\u0131 olarak dikkat \u00e7eker;<\/p>\n","protected":false},"excerpt":{"rendered":"<p>3 ya\u015f ve \u00fczeri \u00e7ocuklar i\u00e7in ideal, e\u011flenceli ve g\u00fcvenli bir oyuncak araba deneyimi sunar; Yeni 2023 serisi, Mazda RX7 FC Pandem Special Edition ile \u00e7ocuklar\u0131n koleksiyonlar\u0131na \u015f\u0131k bir ekleme yapar; 1:64 \u00f6l\u00e7ek boyutuyla, ger\u00e7ek\u00e7i ve detayl\u0131 tasar\u0131m\u0131yla minyat\u00fcr ara\u00e7 tutkunlar\u0131n\u0131n be\u011fenisine sunulur; S\u0131f\u0131r numara 1 olarak belirtilmi\u015f olup, nadir ve \u00f6zel bir koleksiyon par\u00e7as\u0131 [&hellip;]<\/p>\n","protected":false},"featured_media":9677,"comment_status":"open","ping_status":"closed","template":"","meta":[],"product_brand":[],"product_cat":[133],"product_tag":[136],"class_list":{"0":"post-9678","1":"product","2":"type-product","3":"status-publish","4":"has-post-thumbnail","6":"product_cat-oyuncak-araba","7":"product_tag-hot-wheels","9":"first","10":"instock","11":"sale","12":"taxable","13":"shipping-taxable","14":"purchasable","15":"product-type-simple"},"_links":{"self":[{"href":"https:\/\/emirkoleksiyon.com\/index.php\/wp-json\/wp\/v2\/product\/9678","targetHints":{"allow":["GET"]}}],"collection":[{"href":"https:\/\/emirkoleksiyon.com\/index.php\/wp-json\/wp\/v2\/product"}],"about":[{"href":"https:\/\/emirkoleksiyon.com\/index.php\/wp-json\/wp\/v2\/types\/product"}],"replies":[{"embeddable":true,"href":"https:\/\/emirkoleksiyon.com\/index.php\/wp-json\/wp\/v2\/comments?post=9678"}],"wp:featuredmedia":[{"embeddable":true,"href":"https:\/\/emirkoleksiyon.com\/index.php\/wp-json\/wp\/v2\/media\/9677"}],"wp:attachment":[{"href":"https:\/\/emirkoleksiyon.com\/index.php\/wp-json\/wp\/v2\/media?parent=9678"}],"wp:term":[{"taxonomy":"product_brand","embeddable":true,"href":"https:\/\/emirkoleksiyon.com\/index.php\/wp-json\/wp\/v2\/product_brand?post=9678"},{"taxonomy":"product_cat","embeddable":true,"href":"https:\/\/emirkoleksiyon.com\/index.php\/wp-json\/wp\/v2\/product_cat?post=9678"},{"taxonomy":"product_tag","embeddable":true,"href":"https:\/\/emirkoleksiyon.com\/index.php\/wp-json\/wp\/v2\/product_tag?post=9678"}],"curies":[{"name":"wp","href":"https:\/\/api.w.org\/{rel}","templated":true}]}}