{"id":9328,"date":"2026-03-17T03:05:40","date_gmt":"2026-03-17T00:05:40","guid":{"rendered":"https:\/\/emirkoleksiyon.com\/index.php\/urun\/1999-yili-turkiye-cumhuriyeti-100-000-turk-lirasi-ozel-kitinde\/"},"modified":"2026-03-22T02:53:00","modified_gmt":"2026-03-21T23:53:00","slug":"1999-yili-turkiye-cumhuriyeti-100-000-turk-lirasi-ozel-kitinde","status":"publish","type":"product","link":"https:\/\/emirkoleksiyon.com\/index.php\/urun\/1999-yili-turkiye-cumhuriyeti-100-000-turk-lirasi-ozel-kitinde\/","title":{"rendered":"1999 YILI T\u00dcRK\u0130YE CUMHUR\u0130YET\u0130 100.000 T\u00dcRK L\u0130RASI \u00d6ZEL K\u0130T\u0130NDE"},"content":{"rendered":"<p>1999 YILI T\u00dcRK\u0130YE CUMHUR\u0130YET\u0130 100; 000 T\u00dcRK L\u0130RASI \u00d6ZEL K\u0130T\u0130NDE 1 ADET YOLLANACAKTIR; KOND\u0130SYON: \u00c7\u0130L BASIM YILI: 1999 METAL:BAKIR; N\u0130KEL A\u011eIRLIK: 7,50 GR \u00c7AP: 25 mm;<\/p>\n","protected":false},"excerpt":{"rendered":"<p>1999 YILI T\u00dcRK\u0130YE CUMHUR\u0130YET\u0130 100; 000 T\u00dcRK L\u0130RASI \u00d6ZEL K\u0130T\u0130NDE 1 ADET YOLLANACAKTIR; KOND\u0130SYON: \u00c7\u0130L BASIM YILI: 1999 METAL:BAKIR; N\u0130KEL A\u011eIRLIK: 7,50 GR \u00c7AP: 25 mm;<\/p>\n","protected":false},"featured_media":9327,"comment_status":"open","ping_status":"closed","template":"","meta":[],"product_brand":[],"product_cat":[39],"product_tag":[129],"class_list":{"0":"post-9328","1":"product","2":"type-product","3":"status-publish","4":"has-post-thumbnail","6":"product_cat-1958-2003-donemi","7":"product_tag-emir-collection","9":"first","10":"instock","11":"taxable","12":"shipping-taxable","13":"purchasable","14":"product-type-simple"},"_links":{"self":[{"href":"https:\/\/emirkoleksiyon.com\/index.php\/wp-json\/wp\/v2\/product\/9328","targetHints":{"allow":["GET"]}}],"collection":[{"href":"https:\/\/emirkoleksiyon.com\/index.php\/wp-json\/wp\/v2\/product"}],"about":[{"href":"https:\/\/emirkoleksiyon.com\/index.php\/wp-json\/wp\/v2\/types\/product"}],"replies":[{"embeddable":true,"href":"https:\/\/emirkoleksiyon.com\/index.php\/wp-json\/wp\/v2\/comments?post=9328"}],"wp:featuredmedia":[{"embeddable":true,"href":"https:\/\/emirkoleksiyon.com\/index.php\/wp-json\/wp\/v2\/media\/9327"}],"wp:attachment":[{"href":"https:\/\/emirkoleksiyon.com\/index.php\/wp-json\/wp\/v2\/media?parent=9328"}],"wp:term":[{"taxonomy":"product_brand","embeddable":true,"href":"https:\/\/emirkoleksiyon.com\/index.php\/wp-json\/wp\/v2\/product_brand?post=9328"},{"taxonomy":"product_cat","embeddable":true,"href":"https:\/\/emirkoleksiyon.com\/index.php\/wp-json\/wp\/v2\/product_cat?post=9328"},{"taxonomy":"product_tag","embeddable":true,"href":"https:\/\/emirkoleksiyon.com\/index.php\/wp-json\/wp\/v2\/product_tag?post=9328"}],"curies":[{"name":"wp","href":"https:\/\/api.w.org\/{rel}","templated":true}]}}