{"id":8289,"date":"2026-03-17T01:20:54","date_gmt":"2026-03-16T22:20:54","guid":{"rendered":"https:\/\/emirkoleksiyon.com\/index.php\/urun\/suriye-1997-yili-200-pound-yabanci-kagit-para-cil-unc-koleksiyon-para-2\/"},"modified":"2026-03-17T01:20:54","modified_gmt":"2026-03-16T22:20:54","slug":"suriye-1997-yili-200-pound-yabanci-kagit-para-cil-unc-koleksiyon-para-2","status":"publish","type":"product","link":"https:\/\/emirkoleksiyon.com\/index.php\/urun\/suriye-1997-yili-200-pound-yabanci-kagit-para-cil-unc-koleksiyon-para-2\/","title":{"rendered":"Suriye 1997 Y\u0131l\u0131 200 Pound Yabanc\u0131 Ka\u011f\u0131t Para \u00c7il ( UNC ) Koleksiyon Para"},"content":{"rendered":"","protected":false},"excerpt":{"rendered":"","protected":false},"featured_media":8287,"comment_status":"open","ping_status":"closed","template":"","meta":[],"product_brand":[],"product_cat":[125],"product_tag":[129],"class_list":{"0":"post-8289","1":"product","2":"type-product","3":"status-publish","4":"has-post-thumbnail","6":"product_cat-konsept-hediyelik","7":"product_tag-emir-collection","9":"first","10":"outofstock","11":"taxable","12":"shipping-taxable","13":"purchasable","14":"product-type-simple"},"_links":{"self":[{"href":"https:\/\/emirkoleksiyon.com\/index.php\/wp-json\/wp\/v2\/product\/8289","targetHints":{"allow":["GET"]}}],"collection":[{"href":"https:\/\/emirkoleksiyon.com\/index.php\/wp-json\/wp\/v2\/product"}],"about":[{"href":"https:\/\/emirkoleksiyon.com\/index.php\/wp-json\/wp\/v2\/types\/product"}],"replies":[{"embeddable":true,"href":"https:\/\/emirkoleksiyon.com\/index.php\/wp-json\/wp\/v2\/comments?post=8289"}],"wp:featuredmedia":[{"embeddable":true,"href":"https:\/\/emirkoleksiyon.com\/index.php\/wp-json\/wp\/v2\/media\/8287"}],"wp:attachment":[{"href":"https:\/\/emirkoleksiyon.com\/index.php\/wp-json\/wp\/v2\/media?parent=8289"}],"wp:term":[{"taxonomy":"product_brand","embeddable":true,"href":"https:\/\/emirkoleksiyon.com\/index.php\/wp-json\/wp\/v2\/product_brand?post=8289"},{"taxonomy":"product_cat","embeddable":true,"href":"https:\/\/emirkoleksiyon.com\/index.php\/wp-json\/wp\/v2\/product_cat?post=8289"},{"taxonomy":"product_tag","embeddable":true,"href":"https:\/\/emirkoleksiyon.com\/index.php\/wp-json\/wp\/v2\/product_tag?post=8289"}],"curies":[{"name":"wp","href":"https:\/\/api.w.org\/{rel}","templated":true}]}}